ppose -s - 11 = -3*m, m - 4*m - 4*s = 14. Suppose v + 23 = m*v. Suppose -v*a = -15*a - 408. What is the tens digit of a?
5
Let w(z) = -z**3 + 8*z**2 - 5*z - 12. Let k be w(7). What is the hundreds digit of (k - (-6)/8)*(10 - -142)?
4
Let l = -699 + 1185. What is the tens digit of l?
8
Let h be (3/18*186)/(1/5). Suppose 2*i = -3*i - 185. Let w = h - i. What is the tens digit of w?
9
Let g(l) = -2*l**3 - 31*l**2 + 464*l - 7. What is the thousands digit of g(-36)?
6
Let h be 6 + (27621/155 - 2/10). Suppose -3*y = -h - 1448. What is the hundreds digit of y?
5
Let a = -119 - -121. Suppose -4*f + a*n - 6*n = -40, -f = 2*n - 12. Suppose 448 - 152 = f*z. What is the tens digit of z?
3
Let m(t) = -13*t - 4. Let z(p) = -p**3 - 9*p**2 + 10*p + 2. Let r be z(-10). Let o be m(r). Let q = -12 - o. What is the units digit of q?
8
Suppose -3*q + i + 10 = 0, -3*i + 5*i + 2 = 0. Suppose p - 312 = -4*n - p, -3*n = -q*p - 234. What is the units digit of (2 - (-3 + 2)) + n?
1
Let s(z) = 6*z + 38. Let o = 68 - 75. Let n be 9 - o/((-28)/(-12)). What is the hundreds digit of s(n)?
1
Let s = 50138 - 29927. What is the ten thousands digit of s?
2
Let x(d) = d**2 - 3*d - 3. Let o be x(5). Suppose -4*l = -o*l - 4*w + 893, 0 = 3*w - 15. What is the hundreds digit of l?
2
Suppose 2*f + 2721 = m, -24 - 1 = 5*f. Suppose -6*x + m = -883. What is the units digit of x?
9
Let h(i) = 3*i**3 + 399*i**2 + 239*i - 260. What is the hundreds digit of h(-132)?
4
Suppose -3*i - 29 = 4*r, -20 = -0*r - 5*r. Let f be 717/i + (3 - (-64)/(-20)). Let a = f + 56. What is the units digit of a?
8
Let y = 397 + -397. Suppose 5*k - 4627 = 2*r, 42*k - 41*k - r - 926 = y. What is the tens digit of k?
2
Let a(z) = -z**3 - 4*z**2 - 2*z + 6. Let f be a(0). What is the units digit of (-1084)/(10 + -6 - f)?
2
Let k(r) = 6*r**2 + 66*r + 14. Let s(z) = -z**2 - 13*z - 3. Let b(t) = 2*k(t) + 11*s(t). Let o be b(11). Let j(y) = -13*y - 4. What is the tens digit of j(o)?
6
What is the units digit of (-20)/1*(-33021)/108?
5
Let f(h) = 434*h**2 - 12. Let x be f(3). Suppose -34*k + 10862 + x = 0. What is the units digit of k?
4
Suppose m + n + 107 = 0, 0 = -2*n + n + 4. Let k = 924 - 769. Let b = k + m. What is the units digit of b?
4
Let k(p) = -p**2 + 40*p + 7. Suppose 6*f - 143 = -41. What is the hundreds digit of k(f)?
3
Let z(d) = d - 1. Let t(c) be the first derivative of -2*c**2 - 11*c + 5. Let x(r) = t(r) + 2*z(r). What is the units digit of x(-15)?
7
Let n(u) = 34650*u**3 + 3*u**2 - 5*u. What is the hundreds digit of n(1)?
6
Let q(c) = 2*c**3 - 5*c - 4. Let m(h) = h**3 - 6*h - 3. Suppose 2*n + 3 = -3. Let k(f) = n*m(f) + 4*q(f). What is the units digit of k(3)?
2
Suppose -2*f = -2*s - 256, 2*s + 4*f + 86 = -200. Let d = s + 140. What is the units digit of d?
7
Let l(h) = -h**3 - 7*h**2 - 2*h - 8. Let a be l(-7). Suppose 16*n = -20*n + 11664. Suppose a*b + n = 9*b. What is the units digit of b?
8
Let s(v) = -v**3 - 41*v**2 + 402*v + 60. What is the thousands digit of s(-50)?
2
Suppose 9*u - 16*u = -49. Suppose 3*d = 9, u*l - 3*d = 12*l - 1044. What is the units digit of l?
7
Let k(f) = 153*f**2 + 152*f + 324. What is the units digit of k(-14)?
4
Let p = 51 + -47. Suppose 3*i - 28 = -4*c + i, p*i - 28 = -4*c. Suppose c*h - 5*h - 152 = 0. What is the tens digit of h?
7
Suppose 31*s = -51145 + 11186. Let n = s - -2219. What is the tens digit of n?
3
Let m(q) = 280*q - 1145. What is the tens digit of m(9)?
7
Let h be 7 + (-216)/32 - 6/(-8). Let o(v) = 102*v**2 + 2*v - 3. What is the units digit of o(h)?
1
Suppose 4*y + k - 135933 = 45726, 5*k = -7*y + 317913. What is the units digit of y?
4
Let a(z) = z**3 - z**2 + z. Let p be a(-2). Let g(n) = 8*n - 23214*n**2 + 23186*n**2 + 29 - 13*n - 2*n**3. What is the tens digit of g(p)?
9
Let x = -2993 + 3182. What is the units digit of x?
9
Suppose 8*o + 4*i + 44 = 3*o, 16 = -2*o - 2*i. Let v be (26/39)/((-2)/o). Suppose -3*z = -2*m - 3*m + 571, 0 = v*m - 4*z - 460. What is the units digit of m?
3
What is the ten thousands digit of (-75)/(-1725) - (-348127)/23?
1
What is the ten thousands digit of ((-11448)/(-15))/(-6)*66780/(-189)?
4
Suppose 16*y - 21800 - 504 = 10896. What is the thousands digit of y?
2
Suppose -1353*l + 1313*l + 60820 = -279100. What is the thousands digit of l?
8
Suppose 21*o - 12 = 17*o. Let f(p) = 86*p**2 - 2*p + 9. What is the tens digit of f(o)?
7
Suppose -5*i = -4*p + 775, 42 + 347 = 2*p - 3*i. Suppose -3*j = -6*j + d + p, d - 125 = -2*j. What is the units digit of j?
3
Let b be 272/3 - (-1)/3. Let s be ((-10)/10)/((-10)/1310). Let n = s - b. What is the tens digit of n?
4
Suppose 478*b = 498*b - 354360. What is the ten thousands digit of b?
1
What is the units digit of -11 - 1065/(-20)*52?
8
Let m = 71942 - 5562. What is the tens digit of m?
8
Suppose -539 = -8*f + f. Let c = f + 34. Let q = 112 - c. What is the units digit of q?
1
Let t(q) = -3*q + 8. Let j be t(-4). Let v be (180/j)/(2/16). Suppose h - 39 = v. What is the tens digit of h?
1
Let l = 3560 + 11688. What is the units digit of l?
8
Let z = -215 - -235. Suppose -23*s = -z*s - 699. What is the tens digit of s?
3
Let v = 4775 + -2071. What is the thousands digit of v?
2
Let c be (1/1)/(0 - (-5)/(-75)). Let f be (-3295)/c + 3/9 - 1. Let d = f - 141. What is the units digit of d?
8
Suppose 285 = 4*b - d, -9 = d - 4*d. Let x = b + -210. What is the units digit of (4/(-1))/(6/x)?
2
Let p(x) = 69*x**2 - 15*x - 127. What is the tens digit of p(-12)?
8
Suppose -4*a + 55 = -29. Let d = -16 + a. Suppose 7*j - 156 = d*j. What is the units digit of j?
8
Let g be (-4)/((-24)/(-30)) - -3065. Suppose 77*v + g = 87*v. What is the units digit of v?
6
Suppose 774*k - 768*k = 12. Suppose 3*x - 1515 = 3*a, 0 = 3*x - k*a - 1062 - 455. What is the hundreds digit of x?
5
Let y be 15/1*4/10. Let a(v) = y*v + 1 + 631*v**2 - 629*v**2 + 0. What is the hundreds digit of a(-11)?
1
Suppose 158 + 236 = 3*c + 2*d, -4*d = -4*c + 532. What is the tens digit of c?
3
Suppose 14820 = 2*z + 3*b, 5*z - 5*b + 7396 = 44446. What is the thousands digit of z?
7
Suppose -455*u + 938*u - 464*u - 203490 = 0. What is the units digit of u?
0
Let m be (0/6)/(-1 + 3) + -6. Let c = 9 + m. Suppose 676 = c*h + 154. What is the tens digit of h?
7
Let b(o) = o**3 + 21*o**2 - 7*o + 20. Let p be b(-16). Suppose -662 = -2*l + 4*d + 286, -p = -3*l + 4*d. What is the tens digit of l?
6
Let m(f) = -191*f - 3395. What is the tens digit of m(-41)?
3
Let u(a) = 2*a - 30 + 18076*a**2 + 13*a - 18065*a**2. What is the tens digit of u(-5)?
7
Let v(f) = 223*f - 4. Let u(t) = -669*t + 13. Let l(o) = 2*u(o) + 7*v(o). What is the tens digit of l(1)?
2
Let x(j) = 132*j**2 - 73*j + 149. What is the tens digit of x(-13)?
0
Let l(w) = -3*w - 3*w + 2*w + 2*w**2 + 8*w - 4 - w**3. Let d be l(3). What is the units digit of 3 + 0 + (148 - 4) - d?
8
Let f(d) = -d**3 + 6*d**2 - 5*d + 4. Let l be f(5). Let p be 976/4 + 4 + -2 + l. Suppose p = 2*s - 106. What is the tens digit of s?
7
Let l = 901 - 414. Let q = 380 + l. What is the units digit of q?
7
Let c = -149 + 169. What is the hundreds digit of 50*-12*(-5)/c?
1
Let c(x) = -5*x - 48. Let m be c(-10). Suppose 4*l - b + 1 = 5, -m*b + 16 = 4*l. Suppose 4*j = 5 + 7, 3*n = l*j + 132. What is the tens digit of n?
4
Let f = -104 - -121. Suppose 5*m - f = 48. What is the tens digit of m?
1
Let u be (-4)/(-14) + (-3408)/21 - -5. Let m = -312 + 562. Let k = u + m. What is the units digit of k?
3
Suppose 3*g = -15, 2*b = -g + 2*g + 7235. What is the units digit of b?
5
Let v(l) = -179*l**2 - 3*l + 2. Let f be v(-3). Let u be 6/3 - f/(-5). Let a = u - -501. What is the hundreds digit of a?
1
Let r(o) = 15684*o**2 - 78*o - 69. What is the units digit of r(-2)?
3
Let m = -1347 - -1974. Let h = m + -444. What is the units digit of h?
3
Suppose k + 2*j - 6925 = 0, -3*j - 36210 = -4*k - 8488. What is the units digit of k?
9
Suppose 33*k - i = 32*k + 34336, 3*i = 2*k - 68665. What is the units digit of k?
3
What is the tens digit of 1/3 + (-5657168)/132*(-2)/4?
2
Suppose 46 = -3*z - j - 0*j, 0 = -5*z - 5*j - 70. Let v = z + 22. What is the tens digit of 49/((-5 + 4)*(-3)/v)?
9
Let p(q) = 67*q**3 + q**2 - 31*q - 54. What is the hundreds digit of p(7)?
7
Suppose 4*a - 1715 = -5*t, 2*t = -7*a + 5*a + 688. Let l = -134 + t. 